{"id":35463,"date":"2022-10-24T12:50:35","date_gmt":"2022-10-24T15:50:35","guid":{"rendered":"https:\/\/www.legistdf.gob.ar\/?page_id=35463"},"modified":"2022-10-27T14:43:08","modified_gmt":"2022-10-27T17:43:08","slug":"consejos-de-seguridad","status":"publish","type":"page","link":"https:\/\/www.legistdf.gob.ar\/index.php\/consejos-de-seguridad\/","title":{"rendered":"CONSEJOS DE SEGURIDAD"},"content":{"rendered":"<p style=\"text-align: center;\"><span style=\"text-decoration: underline; color: #ff6600; font-size: 24pt;\"><strong>CONSEJOS DE SEGURIDAD AVISO &#8211; <span style=\"color: #0000ff; text-decoration: underline;\">MAIL ZIMBRA<\/span> IMPORTANTE!<\/strong><\/span><\/p>\n<p style=\"text-align: center;\"><img loading=\"lazy\" decoding=\"async\" class=\"alignnone wp-image-35469\" src=\"https:\/\/www.legistdf.gob.ar\/wp-content\/uploads\/2022\/10\/GRAFICAS_01_03.jpg\" alt=\"\" width=\"452\" height=\"233\" srcset=\"https:\/\/www.legistdf.gob.ar\/wp-content\/uploads\/2022\/10\/GRAFICAS_01_03.jpg 600w, https:\/\/www.legistdf.gob.ar\/wp-content\/uploads\/2022\/10\/GRAFICAS_01_03-300x155.jpg 300w, https:\/\/www.legistdf.gob.ar\/wp-content\/uploads\/2022\/10\/GRAFICAS_01_03-160x82.jpg 160w\" sizes=\"auto, (max-width: 452px) 100vw, 452px\" \/> <img loading=\"lazy\" decoding=\"async\" class=\"alignnone wp-image-35470\" src=\"https:\/\/www.legistdf.gob.ar\/wp-content\/uploads\/2022\/10\/C1W9A3kKO2cXXQb1qku5.jpg\" alt=\"\" width=\"374\" height=\"234\" srcset=\"https:\/\/www.legistdf.gob.ar\/wp-content\/uploads\/2022\/10\/C1W9A3kKO2cXXQb1qku5.jpg 1034w, https:\/\/www.legistdf.gob.ar\/wp-content\/uploads\/2022\/10\/C1W9A3kKO2cXXQb1qku5-300x187.jpg 300w, https:\/\/www.legistdf.gob.ar\/wp-content\/uploads\/2022\/10\/C1W9A3kKO2cXXQb1qku5-768x480.jpg 768w, https:\/\/www.legistdf.gob.ar\/wp-content\/uploads\/2022\/10\/C1W9A3kKO2cXXQb1qku5-1024x640.jpg 1024w, https:\/\/www.legistdf.gob.ar\/wp-content\/uploads\/2022\/10\/C1W9A3kKO2cXXQb1qku5-160x100.jpg 160w\" sizes=\"auto, (max-width: 374px) 100vw, 374px\" \/><\/p>\n<div style=\"text-align: justify;\">Ante la llegada constante de\u00a0<strong>mails falsos (\u00a0<span id=\"OBJ_PREFIX_DWT725_com_zimbra_url\" class=\"Object\" role=\"link\"><a href=\"https:\/\/www.google.com\/search?sxsrf=ALiCzsaPATSsofaKvMEw11wpyJSvo4uUqA:1664284399598&amp;q=PHISHING&amp;spell=1&amp;sa=X&amp;ved=2ahUKEwjrwMXDhrX6AhUeqJUCHWdJABEQkeECKAB6BAgDEDs\" target=\"_blank\" rel=\"nofollow noopener noreferrer\"><b><i>PHISHING<\/i><\/b><\/a><\/span>\u00a0)<\/strong>, solicitando actualizar su usaurio y contrase\u00f1a de mail. Nos comunicamos periodicamente con los usuarios para recordarles que por favor, <strong>NO<\/strong>\u00a0respondan \u00e9stos, ya que al hacerlo se vera comprometida su cuenta, mails, contactos, etc. y tambien el servidor de correo (entra en listas negras, lo cual hace que no lleguen los mails a destino, por ejemplo gmail y hotmail.)<\/div>\n<div style=\"text-align: justify;\">\n<ul>\n<li><strong>Los correos electr\u00f3nicos que contienen enlaces y que te solicitan actualizar datos de tus usuario y contrase\u00f1a son falsos.<\/strong><\/li>\n<li><strong>Si los recib\u00eds, marcalo como spam<\/strong><\/li>\n<\/ul>\n<p>Cuando un usuario de nuestro correo electr\u00f3nico oficial es enga\u00f1ado e ingresa a un link bajo alg\u00fan pretexto de falta de espacio, cierre de cuenta, mantenimiento, etc. esto da a entender a grandes compa\u00f1ias de correo muy utilizadas (ej GMAIL) que nuestro entorno de trabajo es inseguro y por ese motivo quedamos sin la posibilidad de remitir correos desde nuestro servido oficial.<\/p>\n<p><strong>Se hace necesario extender la presente solicitud a todos los usuarios de ZIMBRA para que tengan la PRECAUCION de no ingresar o tocar LINKS que remiten con este tipo de mensajes MANTENIMIENTO, FALTA DE ESPACIO o cualquier forma de la cual sospechen y SOLICITAMOS QUE ANTES DE ACCEDER A UN CORREO sospechoso se comuniquen con el \u00e1rea de tecnolog\u00eda o tambi\u00e9n con otro despacho para asesoramiento.<\/strong><\/p>\n<p>Tambien es necesario informar que si poseen una contrae\u00f1a <strong>debil<\/strong> en zimbra, deben cambiarla por algo mas complejo, alfanumerico, con alguna mayuscula y si es posible un signo, este cambio debe realizarse estando logueado, con la sesion iniciada en la red interna de cualquier edificio de este Poder Legislativo, con la combinacion de teclas <strong>ctrl+alt+supr, tildando en la opcion cambiar contrase\u00f1a.<\/strong> Si esta conectado remotamente la combinacion para cambiar la contrse\u00f1a es <strong>ctrl+alt+fin.<\/strong> CABE RECORDAR QUE LA CONTRASE\u00d1A DE ZIMBRA ES LA MISMA PARA INICIAR SESION EN LA RED INTERNET Y REMOTAMENTE.<\/p>\n<p>Entre todos podemos evitar el problema que estamos atravesando ahora. Saludos<\/p>\n<\/div>\n<div style=\"text-align: justify;\"><\/div>\n<div style=\"text-align: justify;\">Desde ya muchas gracias.<\/div>\n<div style=\"text-align: justify;\">DIRECCION DE TECNOLOGIA<\/div>\n<div style=\"text-align: justify;\">PODER LEGISLATIVO DE TIERRA DEL FUEGO<\/div>\n","protected":false},"excerpt":{"rendered":"<p>CONSEJOS DE SEGURIDAD AVISO &#8211; MAIL ZIMBRA IMPORTANTE! Ante la llegada constante de\u00a0mails falsos (\u00a0PHISHING\u00a0), solicitando actualizar su usaurio y contrase\u00f1a de mail. Nos comunicamos periodicamente con los usuarios para recordarles que por favor, NO\u00a0respondan \u00e9stos, ya que al hacerlo se vera comprometida su cuenta, mails, contactos, etc. y tambien el servidor de correo (entra [&hellip;]<\/p>\n","protected":false},"author":332,"featured_media":35469,"parent":0,"menu_order":0,"comment_status":"closed","ping_status":"closed","template":"","meta":{"jetpack_post_was_ever_published":false,"footnotes":""},"class_list":["post-35463","page","type-page","status-publish","has-post-thumbnail","hentry"],"jetpack_sharing_enabled":true,"_links":{"self":[{"href":"https:\/\/www.legistdf.gob.ar\/index.php\/wp-json\/wp\/v2\/pages\/35463","targetHints":{"allow":["GET"]}}],"collection":[{"href":"https:\/\/www.legistdf.gob.ar\/index.php\/wp-json\/wp\/v2\/pages"}],"about":[{"href":"https:\/\/www.legistdf.gob.ar\/index.php\/wp-json\/wp\/v2\/types\/page"}],"author":[{"embeddable":true,"href":"https:\/\/www.legistdf.gob.ar\/index.php\/wp-json\/wp\/v2\/users\/332"}],"replies":[{"embeddable":true,"href":"https:\/\/www.legistdf.gob.ar\/index.php\/wp-json\/wp\/v2\/comments?post=35463"}],"version-history":[{"count":8,"href":"https:\/\/www.legistdf.gob.ar\/index.php\/wp-json\/wp\/v2\/pages\/35463\/revisions"}],"predecessor-version":[{"id":35565,"href":"https:\/\/www.legistdf.gob.ar\/index.php\/wp-json\/wp\/v2\/pages\/35463\/revisions\/35565"}],"wp:featuredmedia":[{"embeddable":true,"href":"https:\/\/www.legistdf.gob.ar\/index.php\/wp-json\/wp\/v2\/media\/35469"}],"wp:attachment":[{"href":"https:\/\/www.legistdf.gob.ar\/index.php\/wp-json\/wp\/v2\/media?parent=35463"}],"curies":[{"name":"wp","href":"https:\/\/api.w.org\/{rel}","templated":true}]}}