{"id":619,"date":"2016-12-17T11:28:49","date_gmt":"2016-12-17T14:28:49","guid":{"rendered":"http:\/\/www.legistdf.gob.ar\/?page_id=619"},"modified":"2016-12-17T11:59:27","modified_gmt":"2016-12-17T14:59:27","slug":"contrataciones-exito","status":"publish","type":"page","link":"https:\/\/www.legistdf.gob.ar\/index.php\/contrataciones-exito\/","title":{"rendered":"Contrataciones EXITO"},"content":{"rendered":"<h1 style=\"text-align: center;\"><em><strong>Gracias por usar nuestro servicio. Por favor, compruebe su correo electr\u00f3nico para activar su cuenta.<\/strong><\/em><\/p>\n<p><em><strong>Si no encuentra nuestra comunicaci\u00f3n de confirmaci\u00f3n, por favor b\u00fasquela en la Bandeja de NO DESEADOS o SPAM y agregue a CONTACTOS la direcci\u00f3n de correo del Remitente.<\/strong><\/em><\/h1>\n","protected":false},"excerpt":{"rendered":"<p>Gracias por usar nuestro servicio. Por favor, compruebe su correo electr\u00f3nico para activar su cuenta. Si no encuentra nuestra comunicaci\u00f3n de confirmaci\u00f3n, por favor b\u00fasquela en la Bandeja de NO DESEADOS o SPAM y agregue a CONTACTOS la direcci\u00f3n de correo del Remitente.<\/p>\n","protected":false},"author":1,"featured_media":0,"parent":0,"menu_order":0,"comment_status":"closed","ping_status":"closed","template":"","meta":{"jetpack_post_was_ever_published":false,"footnotes":""},"class_list":["post-619","page","type-page","status-publish","hentry"],"jetpack_sharing_enabled":true,"_links":{"self":[{"href":"https:\/\/www.legistdf.gob.ar\/index.php\/wp-json\/wp\/v2\/pages\/619","targetHints":{"allow":["GET"]}}],"collection":[{"href":"https:\/\/www.legistdf.gob.ar\/index.php\/wp-json\/wp\/v2\/pages"}],"about":[{"href":"https:\/\/www.legistdf.gob.ar\/index.php\/wp-json\/wp\/v2\/types\/page"}],"author":[{"embeddable":true,"href":"https:\/\/www.legistdf.gob.ar\/index.php\/wp-json\/wp\/v2\/users\/1"}],"replies":[{"embeddable":true,"href":"https:\/\/www.legistdf.gob.ar\/index.php\/wp-json\/wp\/v2\/comments?post=619"}],"version-history":[{"count":4,"href":"https:\/\/www.legistdf.gob.ar\/index.php\/wp-json\/wp\/v2\/pages\/619\/revisions"}],"predecessor-version":[{"id":625,"href":"https:\/\/www.legistdf.gob.ar\/index.php\/wp-json\/wp\/v2\/pages\/619\/revisions\/625"}],"wp:attachment":[{"href":"https:\/\/www.legistdf.gob.ar\/index.php\/wp-json\/wp\/v2\/media?parent=619"}],"curies":[{"name":"wp","href":"https:\/\/api.w.org\/{rel}","templated":true}]}}